*-6. Calculate the greatest common divisor of n and t.
15
Suppose -2*z - 6*h + 2*h = 284, 2*h = -6. Let o be (-3)/(4/z*2). What is the greatest common divisor of 3 and o?
3
Suppose -9*q + 1330 = 29*q. What is the highest common factor of 798 and q?
7
Let l(q) = q**2 + 3*q - 8. Let p be l(-6). Let j be (-62611)/(-119) - 6/(-7). Suppose -526*u - 35 = -j*u. What is the highest common divisor of u and p?
5
Let j be (-4)/8*1*-60. Let a be j*(6/15 - 0). Let y be (-128)/a*(-18)/4. Calculate the greatest common factor of 24 and y.
24
Suppose 44*v - 1069 = 13011. What is the greatest common factor of 200 and v?
40
Let h(p) = -11 + 34*p + 73*p**2 + 5*p - 48*p. Let g be h(-1). Calculate the highest common divisor of g and 639.
71
Let y(z) be the second derivative of z**3/6 + 215*z**2/2 - 2*z - 10. Let l be y(-40). Calculate the greatest common factor of l and 245.
35
Let g = 9667 + -9658. Let i = -82 + 145. What is the greatest common factor of i and g?
9
Let i = -2157 - -2236. What is the highest common factor of 2 and i?
1
Suppose 0 = b + 4*b - 5*w - 1225, 3*b = -5*w + 695. Suppose -162 - 142 = -19*v. Calculate the greatest common divisor of b and v.
16
Let j = -114 + 118. Let s be (-6)/j*-1 - (-676)/8. What is the greatest common divisor of 301 and s?
43
Let l(o) = 2*o - 1. Let b(f) = 162*f - 60. Let t(d) = b(d) + 5*l(d). Let v be t(3). Calculate the greatest common factor of 41 and v.
41
Let g(a) = 2*a**2 - 169*a + 658. Let q be g(4). What is the greatest common divisor of 763 and q?
7
Suppose -2*s = 583 - 655. Calculate the highest common divisor of s and 180.
36
Let o(j) = -50*j**2 - 2*j + 1. Let u be o(1). Let w = 71 + u. Let p be 686/98 + 3/(-1*1). What is the highest common divisor of p and w?
4
Suppose -4*m = -3*l - 0*l - 50, 0 = -3*m + 2*l + 38. Suppose 0 = -3*i + t - 4 + 6, -3*i = -5*t + m. What is the highest common divisor of 13 and i?
1
Let z(t) = t**3 - 41*t**2 + 391*t - 15. Let h be z(13). What is the highest common divisor of 483 and h?
21
Let m be -19 + 288 - -6 - 10. Let n(p) = 10*p**2 - 2*p + 7. Let x be n(4). What is the highest common divisor of m and x?
53
Let o be -7 + -2 + 472 - (-8 + 9). What is the highest common factor of 594 and o?
66
Let h(k) = k**3 - 24*k**2 + 82*k - 518. Let y be h(22). Calculate the highest common divisor of y and 1431.
159
Suppose 4*g - 6*f - 174187 = -f, -4*g + f = -174207. Calculate the greatest common factor of 97 and g.
97
Suppose 2*c = -3*v + 8, -c + 20 = 3*v + 22. What is the highest common factor of 1815 and c?
5
Let c be 11 + (15 - 22 - -2222). What is the highest common divisor of 42 and c?
42
Let b(v) = 52*v**2 - 72*v - 189. Let k be b(12). Calculate the highest common factor of k and 390.
195
Let t(c) = 21*c**2 - 99*c - 102. Let h be t(-2). Calculate the greatest common divisor of 46080 and h.
180
Let c be (-16*42/(-448))/(5/8160). Calculate the highest common divisor of 1152 and c.
144
Suppose 24*z = -2*u + 26*z + 4, -58 = -4*u - z. Let f be 1/((-2)/84*-2). What is the highest common divisor of u and f?
3
Suppose 25*v = 36 + 114. Calculate the highest common factor of v and 1002.
6
Suppose -5*l = -4*a + 26944, -a + 5*l - 1550 + 8301 = 0. Calculate the greatest common divisor of a and 53.
53
Let z(t) = 126*t**2 - 1574*t + 8. Let i be z(-7). What is the greatest common factor of i and 25?
25
Suppose 9*u - 27*u = -2*u - 13248. What is the highest common divisor of u and 460?
92
Let n(s) = s**2 + 17*s + 54. Let d be n(-14). Suppose -d*f + 91 = 31. Let g(i) = i**2 - i - 2. Let v be g(-6). Calculate the greatest common divisor of f and v.
5
Suppose 56 = 4*g - 3*g. Suppose -4*w - 1182 = 4*v - 4762, -3583 = -4*w - v. What is the highest common factor of g and w?
56
Let k = 44 - 39. Suppose 0*d + 62 = k*v + d, 0 = 4*d - 8. Suppose 0 = -s - 3*s + v. What is the greatest common factor of s and 33?
3
Let y = 547 - 560. Let r be 1/(y + 9) + (-5170)/(-8). Calculate the greatest common divisor of 102 and r.
34
Suppose 362 = 2*d - 754. Let v = d + -557. What is the greatest common divisor of v and 89?
1
Let t(k) = 11*k - 75. Let z be t(-9). Let r = z - -254. Calculate the highest common factor of r and 48.
16
Suppose 133*x + 2593 = 2*j + 136*x, 2*j - 2572 = 4*x. Calculate the greatest common divisor of 551 and j.
19
Let z = 7424 - 7354. Calculate the highest common factor of 1015 and z.
35
Suppose 0 = 2*f - 14 - 26. Let t be (-6 + 9)*(-1)/3. Let w be 100/8*t*-4. Calculate the highest common divisor of w and f.
10
Suppose 27 = -3*d, -5*d = -5*u - 568 + 2958. Calculate the greatest common divisor of u and 35.
7
Let b be (1 - 23)*2/(-4). Suppose 0 = 12*t + 237 - 585. Suppose g - t + b = 0. What is the highest common factor of g and 36?
18
Suppose 28*k - 451878 = -175*k. What is the highest common divisor of k and 42?
42
Suppose -2*g = 4*b + g - 57, -2*b - 3*g = -33. Suppose -b*z + 1236 = -24*z. Let x = -99 - z. What is the greatest common divisor of x and 3?
1
Suppose -491*c + 492*c - d = 1782, -3*d - 8916 = -5*c. Calculate the highest common divisor of 119 and c.
119
Suppose 274*m + 634 = 3100. Suppose -2*i - 5*y + 3*y + 4 = 0, 3*y = -6. Suppose -13*k + i = -m*k. Calculate the highest common factor of k and 4.
1
Let z(n) = n**3 - 21*n**2 - 20*n + 22. Let o be z(22). Let p = 117 - o. Calculate the greatest common divisor of p and 34.
17
Suppose 10*b = 5*b + 5*x + 605, b - 97 = -5*x. Suppose -4*i = -319 - 461. What is the highest common factor of i and b?
39
Let y(u) = u**3 + 14*u**2 - 12*u + 3. Let f be y(-14). Let c = f + -169. What is the greatest common factor of c and 16?
2
Let j(a) = 612*a - 470. Let z be j(11). Calculate the greatest common divisor of z and 404.
202
Suppose -z + 0*z + 391 = 0. Suppose 20*d = 21*d, 2*y = -d + 46. What is the highest common factor of y and z?
23
Let l = -4571 - -4601. What is the highest common factor of 330 and l?
30
Let b(j) = 4*j + 43. Let p be b(-10). Let i be (p/(84/75 + -1))/(-1). Let o = 32 + i. What is the highest common divisor of 42 and o?
7
Let n(t) = t**3 + 9*t**2 - 28*t - 30. Let d be n(-5). What is the greatest common divisor of 1920 and d?
30
Let z(k) = 7 - 3*k + 4 + 27. Let n be z(5). What is the highest common divisor of n and 207?
23
Suppose 3*v = -62*j + 59*j + 666, 885 = 4*j + 5*v. Suppose -2*g + 98 = -2. What is the greatest common factor of j and g?
25
Suppose 6*h + 602 - 566 = 0. Let x be h/16 + 27111/168. What is the greatest common divisor of 92 and x?
23
Let d be (-9 - -4) + -1*(-10 - 0). Let m be (1 - 3) + (-364)/(3 - d). Calculate the highest common divisor of m and 40.
20
Suppose -4*i + 5*f + 60 = 0, -3*i - 5*f = -4*i + 30. Let o = 709 - 703. What is the greatest common divisor of o and i?
2
Let b be (-10)/(60/18) + 2 + 305. Calculate the highest common divisor of 3496 and b.
152
Let x(d) = d**3 + 28*d**2 + 28*d + 31. Let c be x(-27). Let k be (-9)/((-9)/c) + -4 + 1. What is the highest common factor of k and 25?
1
Suppose 57*n = -34797 + 65311 + 41933. Calculate the greatest common factor of 124 and n.
31
Suppose 3934*g + 4122 = 3937*g. Calculate the highest common divisor of g and 6.
6
Let u(s) = 19*s**2 - 30*s - 21. Let v be u(4). Calculate the highest common factor of v and 8639.
163
Let p(c) = 21*c**3 + 2*c + 1. Let k be p(-1). Let q = 41 + k. Let d be 66 + 13 + 4 + -2 - 5. What is the highest common factor of d and q?
19
Let c(k) be the first derivative of 2*k**2 + 197*k + 9. Let y be c(0). Let s = y + 93. Calculate the greatest common factor of s and 29.
29
Suppose 25*k + 149 = 30*k - 4*p, 62 = 2*k - p. Let v = -29 - -40. Calculate the highest common divisor of v and k.
11
Let t be (-770)/1155 - (825/(-36) - 2/(-8)). Calculate the greatest common factor of t and 7260.
22
Let l be (442/17 - 7) + 5*1. What is the greatest common factor of l and 32?
8
Let f be 34/6 + -6 - (-310)/3. Let y = 137 - f. What is the highest common divisor of 68 and y?
34
Let m = -16351 - -16563. What is the greatest common factor of 7844 and m?
212
Let n be 4 + 4/(-22) + 4/22. Suppose 860 = n*j + 4*x, -2*x - 223 = -j + x. What is the greatest common factor of j and 7?
7
Let z = -32289 + 43444. What is the highest common factor of z and 46?
23
Let x = 8179 + -4906. What is the greatest common factor of 3 and x?
3
Let n be -1680 + -6*8/12. Let q = n - -1153. L